ate the remainder when h is divided by 23.
22
Let r(h) = 2*h**2 - 4*h + 1. Suppose -4*v + 22 = -2. Suppose 0*n = -2*n + v. Calculate the remainder when 11 is divided by r(n).
4
What is the remainder when (96/(-80))/(3*(-4)/510) is divided by 11?
7
What is the remainder when (10/(-6) + -1)*-12 is divided by 11?
10
Let g(c) = -13*c - 11. What is the remainder when g(-6) is divided by 18?
13
Let s(n) = n**3 - 2*n**2 + 2*n - 5. Let b be s(5). Suppose 0 = -z + 3*z - b. Let c = -22 - -43. Calculate the remainder when z is divided by c.
19
Let l be 62/6 + (-8)/(-12). Suppose 0 = -0*h - h - 1, -d + l = h. Calculate the remainder when 23 is divided by d.
11
Suppose -4*r + 0*r = -104. Calculate the remainder when 51 is divided by r - (3 + -3 + 0).
25
Let h(f) = f**2 - 5*f + 35. What is the remainder when h(10) is divided by 30?
25
Let p(b) = b**2 - 4*b - 11. What is the remainder when p(-4) is divided by 13?
8
Let q(a) = -a + 5. Let b be q(0). Suppose -3*v = -o - 176, b*o + 9 = -2*v + 115. Let z = -37 + v. Calculate the remainder when z is divided by 11.
10
Let w = -7 + 12. Suppose -2*y + 1 = -5. Suppose -6*b = -3*t - y*b + 48, -w*b - 28 = -t. What is the remainder when t is divided by 7?
6
Let j = 218 + -107. What is the remainder when j is divided by 16?
15
Calculate the remainder when 1046/42 + (-18)/(-189) is divided by 11.
3
Let s = -5 + 3. What is the remainder when 104 is divided by (-5 - s)/((-6)/70)?
34
Let g(q) = -q + 1. Let y(o) = -3*o + 3. Let a(t) = 2*g(t) - y(t). What is the remainder when a(5) is divided by -1*1 - (-2 + -2)?
1
Suppose -c + 4 = -0*c. Let k(b) = -c*b + b**2 + 5*b + 4*b - 10 + 0. Calculate the remainder when k(-8) is divided by 5.
4
Let l = -14 - -16. Calculate the remainder when 80/(-12)*(-3)/l is divided by 6.
4
Suppose 36 = 3*t - 4*m, t + 3*t - 47 = 5*m. What is the remainder when 30 is divided by t?
6
Let w(n) = 4*n**2 + 2*n - 2. Suppose -7*j = -2*j + s + 11, 0 = -2*j - 5*s + 14. Let o(x) = -4*x + 3. Calculate the remainder when w(-3) is divided by o(j).
13
Let v = -25 - -30. What is the remainder when 12 is divided by v?
2
Let w(r) = -r**2 + 7*r + 13. What is the remainder when w(7) is divided by 5?
3
Let q be (10 + 3 + -5)*8. Suppose -3*r + q + 2 = 0. What is the remainder when 63 is divided by r?
19
Let h(o) be the first derivative of -o - 1/3*o**3 + 3 - 2*o**2. Calculate the remainder when 5 is divided by h(-3).
1
Let n(q) = -q**2 - 10*q + 2. Let x be n(-9). Let s(r) = -10*r + 1. Let g be s(-2). Let l = g - x. Calculate the remainder when 17 is divided by l.
7
Calculate the remainder when 21 + (44/(-36) - (-2)/9) is divided by 14.
6
Calculate the remainder when 5*43 - 66/(-22) is divided by 20.
18
Let g(r) = 11*r**2 + 17*r + 18. Calculate the remainder when 21 is divided by g(-1).
9
Suppose -5*b = 2*p - 40 - 9, 5*b = 5*p - 35. What is the remainder when 34 is divided by p?
10
Suppose 0 = 3*r - 3*x - 3, 5*x - 7 = r - 0*x. Suppose -r*v - 3*b + 0*b + 54 = 0, 5*v + b = 70. What is the remainder when v is divided by 8?
5
Let f(t) = -3*t - 1. Let y be f(-1). Calculate the remainder when 54 is divided by 1/y*190/5.
16
Calculate the remainder when -1 + (-2 - -4*3) is divided by 4/(-22) + 272/44.
3
Suppose -46 = -2*x + j, 6*j = -3*x + 2*j + 91. Calculate the remainder when 73 is divided by x.
23
Let z = 11 + -3. Calculate the remainder when (6/z + -2)*-8 is divided by 6.
4
Let u = 28 - 16. What is the remainder when (-2 + 3)*84/4 is divided by u?
9
Calculate the remainder when 56 is divided by (-6)/(4/(200/(-15))).
16
Let m(j) = j - 1. Let o be m(9). Calculate the remainder when ((-4)/o)/((-1)/18) is divided by 2.
1
Let g be 782/(-14) + (-1)/7. Let d = -35 - g. What is the remainder when d is divided by 6?
3
Let k = -3 - -5. Let i be 20 + (k/(-2) - -1). Suppose -4*w = -2*r - i, -5*r = 2*w - 7*w + 15. Calculate the remainder when 12 is divided by w.
5
Let r(m) = m**3 - 6*m**2 - m - 6. Let g(n) = n**3 - 7*n**2 - n - 5. Let s(k) = -4*g(k) + 3*r(k). Calculate the remainder when 46 is divided by s(10).
10
Let r(l) = l - 6. Let y(c) = 1 - 2*c + 5 + 1 + 0*c. Let a(z) = 5*r(z) + 4*y(z). Calculate the remainder when 19 is divided by a(-3).
5
Suppose 0 = 2*t - 0*t - 3*q - 8, 3*t - 25 = -2*q. What is the remainder when 26 is divided by t?
5
Suppose -6*z + 14 = -4*z. Let d = 10 - -10. Calculate the remainder when d is divided by z.
6
Suppose 0 = d - 2 - 3. Suppose 22 = a - d*i, 3*a - 14 = 3*i + 16. Suppose 3*n + 2*z = a*n - 16, 0 = n - z - 5. Calculate the remainder when n is divided by 1.
0
Let a be (-4)/(-6)*33/2. Suppose a*s + 51 = 14*s. What is the remainder when 48 is divided by s?
14
Let h(c) = 4*c**2 + 2*c - 1. Let y be 81/(-18)*(-2)/(-3). What is the remainder when h(y) is divided by 10?
9
Let u = 47 - 30. Suppose -c + 5 = 2*n - 11, -19 = c - 5*n. What is the remainder when u is divided by c?
5
Suppose -5*i = -14 - 51. What is the remainder when i is divided by 6?
1
Let b(a) = 13*a - 3. Let z be b(9). Let q = z + -66. Suppose -4*u + q = -u. Calculate the remainder when u is divided by 9.
7
Let d(a) be the first derivative of -2*a**3/3 - 3*a**2 + 2*a - 2. Let u(z) be the first derivative of d(z). What is the remainder when u(-5) is divided by 8?
6
Calculate the remainder when 21 is divided by ((-2)/(-6))/((-3)/(-99)).
10
What is the remainder when 146 is divided by -3*1 - (4 - 132/3)?
35
Let w be ((-2)/6)/((-3)/(-9)). Let r be (-3)/(-2 - (w - 0)). Suppose r*h + 49 = 232. Calculate the remainder when h is divided by 21.
19
Suppose 2*q - 17 = q + i, 3*q + 3*i - 33 = 0. Suppose -2*k - 3*f = -54, 0 = -9*f + 4*f. What is the remainder when k is divided by q?
13
Let q = 7 - 5. What is the remainder when 4 is divided by q?
0
What is the remainder when 106 is divided by 12/(-78) + (-1410)/(-39)?
34
Let m = -8 + 6. Calculate the remainder when 3/(-3) + (-42)/m is divided by 7.
6
Calculate the remainder when 14 + 5*2/5 is divided by 7.
2
Let y be -3 + 0 - -17 - 3. Suppose -t + a = -4*a + y, 4*a - 16 = 0. What is the remainder when t is divided by 5?
4
Suppose -5*k + 5 = 5*a, -a = -3*k - 0*a + 3. What is the remainder when 3 is divided by k?
0
Let k(a) = a**2 + 8*a - 8. Let l be k(-9). Let w be (2 - l)/((-1)/(-5)). Suppose -o - g = -7 - 1, 20 = w*g. Calculate the remainder when o is divided by 2.
0
Suppose 0*r = -2*r - 22. Let h be (-4)/(-3)*(-18)/4. Let q = h - r. What is the remainder when 9 is divided by q?
4
Let r(z) = -3*z + 1. Let p be r(-1). Suppose 5*a - 3*v = 78, p*v - 2 = 2*a - 36. What is the remainder when 44 is divided by a?
14
Let z(x) = x**2 - 5*x - 1. Suppose 1 - 7 = -v. Let u be z(v). Let h(m) = 4*m - 3. Calculate the remainder when 50 is divided by h(u).
16
Let r(s) be the second derivative of -s**5/20 - s**4/4 + s**3/6 + 2*s. Calculate the remainder when 33 is divided by r(-4).
9
Let s(y) = 4*y + 7. Let a be s(-11). Let q = a + 68. What is the remainder when q is divided by 11?
9
Suppose 5*n = 3*q, -q = q + 4*n. Suppose m = 5*t + 34, q*m - 26 = -m + 3*t. Calculate the remainder when 39 is divided by m.
11
Suppose -3*u - 63 = 30. Let n = -6 - u. Calculate the remainder when n is divided by 9.
7
Suppose 0*l + l - 145 = 0. Suppose l = 4*j + g, -3*j - 4*g = j - 160. Calculate the remainder when j is divided by 9.
8
Let o(w) = w + 18. What is the remainder when 34 is divided by o(-9)?
7
Suppose -6*t + 40 = -2*t - 2*r, 0 = 4*t - 3*r - 40. Suppose 0*k - t = -2*k. Calculate the remainder when 35 is divided by 55/3 + k/(-15).
17
Suppose 0 = -2*u + u + 42. Let w = -15 + 9. What is the remainder when u is divided by (-6)/9 + (-94)/w?
12
Suppose 0 = -10*j + 15*j - 60. Calculate the remainder when 47 is divided by j.
11
Let p be (0 + 3)/3 + 22. Let u = -16 + p. What is the remainder when 13 is divided by u?
6
Let g be 45/30*64/3. Suppose q - g = -q. What is the remainder when 45 is divided by q?
13
Suppose a = 3 - 0. What is the remainder when (6 - 1) + 1 + 2 is divided by a?
2
Let h be 2/6 + (-22)/(-6). Let m = 11 - h. Calculate the remainder when 13 is divided by m.
6
Suppose -2 + 14 = m. Suppose y + 0*y - g = 98, -4*g = -m. Let q = y + -67. What is the remainder when q is divided by 12?
10
Let o = -1 - -1. Suppose o = p - 3*p + 68. Suppose 4*b - 10 = 5*g + 1, 5*b + g - 50 = 0. What is the remainder when p is divided by b?
7
Let